- b = -191. What is the hundreds digit of m?
1
Suppose -l + 2*g + g = -691, g + 2742 = 4*l. Suppose -l = -3*z + q, -5*q = z - 192 - 15. Let r = -129 + z. What is the tens digit of r?
9
Suppose 5*g - 320 = -5*z, g + 0*g = 3*z + 44. Suppose -60*y + g*y + 163 = 0. What is the units digit of y?
3
Let z(k) = -63*k**3 + k**2 - 25*k + 8. Let b be z(-7). Suppose 26*n - b = 10243. What is the units digit of n?
4
Let v(d) = -d**3 + 6*d**2 - 6*d - 12. Let n(u) = -5*u**3 + 24*u**2 - 23*u - 48. Let p(i) = 2*n(i) - 9*v(i). What is the units digit of p(-9)?
3
Suppose 1854 = -5*g + 7524. What is the units digit of (138/(-9))/((-36)/g)?
3
Let w(m) = 11*m - 70. Let v be w(7). Suppose v*k - 3*k + 2*p - 2258 = 0, 0 = k + 4*p - 547. What is the units digit of k?
7
Let i = -2072 - -8181. What is the units digit of i?
9
Suppose d - 5*d + 21 = 3*x, -4*d = 4*x - 24. Suppose 6*l - d*l = 0, 3*f = 5*l + 222. Let t = -42 + f. What is the tens digit of t?
3
Let k(i) = 872*i - 5217. What is the thousands digit of k(13)?
6
Suppose 657859 = -13*d + 41*d + 19*d. What is the hundreds digit of d?
9
Suppose -258072 = -45*h + 226353. What is the ten thousands digit of h?
1
Let y(z) be the third derivative of 7*z**5/60 - z**4/4 + 14*z**3/3 - 75*z**2 - z. What is the hundreds digit of y(9)?
5
Suppose -4095 = 6*x + 39*x. Suppose -1056 = -4*h - 280. Let l = x + h. What is the units digit of l?
3
Suppose 5*j - 728 = 5*y + 3827, -5*y + 25 = 0. Suppose -4*i + j = 2*o, 2*i + 1 = 11. What is the hundreds digit of o?
4
Let x(k) = -1 - 27*k**2 + 41*k**2 + 8 + k**3 + 3 - 4*k. What is the hundreds digit of x(-8)?
4
Let v(g) = g**3 - 3*g**2 + g + 6. Let i be v(3). Suppose -4080 = -i*b + 564. What is the units digit of b?
6
Let r be 15504/170*30/4. Let i = r + -413. What is the units digit of i?
1
Suppose -4*z + 3*z = -g + 8, g - 20 = 3*z. Let c(d) = d - 22. Let n be c(z). What is the tens digit of 13/(3 - (2 + (-24)/n))?
9
Suppose 3*a - 2*z - 28 = -6*z, -5*z + 45 = 5*a. What is the tens digit of 39255/60 + -2 + 22/a?
5
Let t(m) = 4*m**2 - m + 2. Let o be t(1). Let z(q) = q**3 + 2*q**2 - q + 5. What is the tens digit of z(o)?
7
Let n = -15 - -17. Suppose 2*p + 810 = n*f, -2*p - 185 = 2*f - 1007. Let i = f + -189. What is the units digit of i?
9
Suppose 2*i - 3*i = 0. Suppose 4*c + 4 = 0, 0 = 4*k - 3*c - i*c - 39. What is the units digit of 30/(-9)*k/(-15)?
2
Let c(y) = -86 - 64*y - 61*y + 15 - 38*y. What is the hundreds digit of c(-12)?
8
Let g be (-500)/(-140) - 8/14. Suppose g*k - 15 = -f, -2*f + k - 5 = -0*f. Suppose f = -3*p - 5*y + 63, 5*p - 5*y = -2*y + 71. What is the tens digit of p?
1
Suppose 3*a + 1618 - 24208 = -5*x, -2*a = -3*x - 15022. What is the thousands digit of a?
7
Let m(g) = 487*g**2 - 60*g - 12. Let c be m(6). What is the units digit of (2/(-5))/(16 - 274573/c)?
8
Suppose 3*v - 17 = -2. Let p(g) = -2*g**2 + g + 15. Let i(w) = w**2 - w - 5. Let h(r) = 5*i(r) + 2*p(r). What is the tens digit of h(v)?
1
Suppose -i = -2*b + 62, -3*i + 13 = b + i. Let p = -10 + b. Suppose 11*w + 2248 = p*w. What is the hundreds digit of w?
2
Let z = 2 + 4. Suppose z*t = 325 + 155. Let s = 167 - t. What is the tens digit of s?
8
Let u be 4 + -5 + 4/(-4)*-8. Suppose u*z + 50 = 470. Let c = z - 50. What is the tens digit of c?
1
Suppose -3*p + 8*o + 1569 = 3*o, -p + 523 = 4*o. Let w = 1205 + p. What is the units digit of w?
8
Let p = 101 - 89. Suppose p + 97 = a. Suppose 967 - a = 11*x. What is the units digit of x?
8
What is the thousands digit of (-100)/(-10) + (-30)/5 + 32910?
2
What is the tens digit of ((-33)/(-44))/((-728693)/145740 - -5)?
1
What is the hundreds digit of 288/18*1493*(-3)/(-6)?
9
Let f = -230 - -367. Let g = 0 + f. What is the tens digit of g?
3
Suppose -10*d = -8*d - 2248. Let w = d - 553. What is the units digit of w?
1
Suppose -9*b + 174 + 6 = 0. Suppose -2*j = 2*t - b, 5*j - 9 = -t + 9. Suppose -t*w + 337 = -567. What is the tens digit of w?
1
Suppose 77266 = 49*i - 216489. What is the tens digit of i?
9
Let x(a) = 12*a**2 - 200*a + 167. What is the units digit of x(-33)?
5
Let x be (-2)/(-8) - 38/(-16)*2. Suppose -4*w + 780 = 3*y, y + 994 = x*w - 0*y. What is the units digit of w?
8
What is the thousands digit of (3777 - 1) + (27/(-6))/((-18)/(-24))?
3
Suppose -210*n + 212*n - 567 = 19093. What is the units digit of n?
0
Let t = 5234 + -1855. What is the units digit of t?
9
Suppose 2071 = 5*w - 1379. Let i be (-3873)/8 - ((-15)/(-24))/(-5). Let a = w + i. What is the tens digit of a?
0
Let o = 6 - 4. Let q = 31 - 29. What is the units digit of q*o - (-99 - 0)?
3
Let t = 239 - -4253. What is the units digit of t?
2
Let y(q) = -2*q**2 - 263*q + 205. What is the hundreds digit of y(-87)?
9
Suppose -5*d + 1172 = 3*j - 2190, -j = -5*d - 1114. What is the thousands digit of j?
1
Let p(f) = f**2 + 14*f + 1. Let u be p(-14). Let z be (2 - 3)/(u/(-3)). Suppose -2*b + 54 = -t + z*t, -4*t + 5*b + 99 = 0. What is the tens digit of t?
2
Let m = 64 + -55. Let o = 19 - -19. Let x = m + o. What is the tens digit of x?
4
Let s(k) = -k + 11. Let f be 2*8 + (-13 - -10). Let z be s(f). What is the units digit of (((-8)/(-20))/2)/(z/(-10))?
1
Let y be 0/(4 - 2) - -250. Suppose 19*q - 32*q = -5044. Let i = q - y. What is the units digit of i?
8
Suppose b - 8*q = 8*q + 46245, b - 46279 = -q. What is the hundreds digit of b?
2
Let q(n) = -4 - 4*n + n - 32*n**2 + 33*n**2 + 5*n. Let r be q(-4). Suppose 3*t = -3*c + 219, -r*t - 118 = -2*c + t. What is the units digit of c?
9
Suppose -1874 = -5*h + f + 1239, h = -5*f + 607. Suppose 17*c = -h + 4379. What is the hundreds digit of c?
2
Let i(k) = -5*k**2 - 4 + 4*k + 6*k**3 + k**3 + 15*k**3. What is the tens digit of i(3)?
5
Suppose -2*t + 33*l - 28*l = -1871, -t = -2*l - 933. What is the hundreds digit of t?
9
Let v(g) = 14*g**2 + 110*g - 16. Let f be v(-8). Suppose -14*x + 17*x + 12 = f, 0 = -2*p + x + 3408. What is the hundreds digit of p?
7
Suppose 142*v - 32*v - 447370 = 0. What is the units digit of v?
7
Let i(h) = -1168*h - 11265. What is the hundreds digit of i(-60)?
8
Let n = 193 - 238. What is the hundreds digit of (100/n)/(-10) - 8017/(-9)?
8
Let f = -350 - -354. Let z(a) = 69*a**2 - 25*a + 101. What is the thousands digit of z(f)?
1
Suppose 0 = 3*y - 2044 - 23270. What is the tens digit of y?
3
Let c(p) be the second derivative of 5*p**4/12 + p**3/6 + 211*p**2/2 - 3*p + 7. What is the units digit of c(0)?
1
Suppose 0 = 192*o + 188031 - 2179263. What is the units digit of o?
1
Let l be (-23 + 6 - 1)*(-2)/(-3). Let k be 0 + (1 - 3/l*-4). Suppose 5*f = -0*f + z + 201, -2*f + 5*z + 62 = k. What is the units digit of f?
1
Let y be 1*(-3)/(6 + -7). Suppose i = -5*o + y*i + 1621, o = 2*i + 329. What is the tens digit of o?
2
Let t = 7125 + 14277. What is the tens digit of t?
0
Let v(d) = 4*d + 32. Let a be v(10). Suppose 0 = -b - x + 36, b + 28 - a = x. Let g = 54 - b. What is the tens digit of g?
1
Let u = -1282 - -2010. Suppose -c + u = -176. What is the tens digit of c?
0
Let x(z) = 3*z**2 - z**2 + 3*z - 3*z + 6*z - 1. Let k be x(-7). Suppose -s + k = -0. What is the tens digit of s?
5
Let r(b) = 3*b**2 - 20*b + 9. Let j(k) = k**2 - 7*k + 3. Let u(h) = -8*j(h) + 3*r(h). Let y be u(5). Suppose 0 = y*q - 6*q - 90. What is the units digit of q?
5
Suppose 0 = -40*c + 22*c - 7938. Let x = -397 - c. What is the units digit of x?
4
Let i(y) = y**2 - 8*y - 19. Let p be i(12). Suppose 31*j = p*j + 468. What is the units digit of j?
4
Let u be -1343 - 0 - 0/(-3 + 0). What is the tens digit of 2/(-4) - (u/2 + 0)?
7
Let s = 2992 + -1773. Let v = -717 + s. What is the units digit of v?
2
Suppose 0 = 2*o + 6, -s = -6*s + 5*o + 660. Suppose -2*t + 8*t - 12 = 0. Suppose u - t*y - y - 143 = 0, s = u + 4*y. What is the units digit of u?
7
Let d = -74 + 284. Let c = -299 + d. Let k = c - -116. What is the tens digit of k?
2
What is the hundreds digit of (-119)/(-2)*7304/77?
6
Suppose 1984807 + 136787 + 1020710 = 176*n. What is the ten thousands digit of n?
1
Suppose -140*f + 135*f = 2*w - 2733, f = 4*w - 5521. What is the tens digit of w?
7
Let m = -34965 - -53375. What is the tens digit of m?
1
Let f(o) = 2489*o - 10770. What is the thousands digit of f(16)?
9
Let b(z) = -35*z + 401. Let i(n) = -17*n + 201. Let p(f) = -6*b(f) + 13*i(f). What is the hundreds 